at is -2a - -5?
-25
In base 5, what is -113 + -2?
-120
In base 3, what is -1101001 + 10?
-1100221
In base 13, what is -1713 + 6?
-170a
In base 12, what is -3 + -249?
-250
In base 2, what is -1101111 + 100001000?
10011001
In base 9, what is -706 - 5?
-712
In base 13, what is 1 + -10?
-c
In base 3, what is 122200 + -10?
122120
In base 13, what is 124 + 3?
127
In base 14, what is -2 - 9?
-b
In base 9, what is -5 + -17?
-23
In base 10, what is 0 + -269?
-269
In base 10, what is -9 - 131?
-140
In base 5, what is -10 - -3442?
3432
In base 9, what is 1013 + 38?
1052
In base 13, what is 8 + -ba?
-b2
In base 16, what is -5 - -7ef?
7ea
In base 10, what is 30053 - -3?
30056
In base 15, what is -38db + 2?
-38d9
In base 13, what is 7c + -16?
66
In base 12, what is 0 + 53?
53
In base 16, what is 38 - 3?
35
In base 6, what is 45052 + 0?
45052
In base 16, what is 207 + -5?
202
In base 9, what is 1127 + 4?
1132
In base 14, what is 146 - -4?
14a
In base 7, what is 4663 + 0?
4663
In base 16, what is -f28 - 2?
-f2a
In base 15, what is -5317 + 5?
-5312
In base 10, what is 44 + -3?
41
In base 8, what is 70 + -11?
57
In base 7, what is 4 + 6533?
6540
In base 11, what is -21 - -8?
-14
In base 13, what is -1 - 143?
-144
In base 16, what is -4 - -15f?
15b
In base 12, what is -19a - 4?
-1a2
In base 9, what is 4 + 464?
468
In base 13, what is -c3 - -a0?
-23
In base 12, what is 4 + a38?
a40
In base 8, what is 16 - -1024?
1042
In base 6, what is -222 + 2?
-220
In base 14, what is 3317 + -1?
3316
In base 13, what is -110 - -1?
-10c
In base 7, what is 640 + -35?
602
In base 8, what is -11 + -52?
-63
In base 2, what is -11 - 1110010?
-1110101
In base 12, what is -9 - 46?
-53
In base 12, what is 1 - 18b?
-18a
In base 14, what is 3 - -dc?
101
In base 6, what is 1451 - 4?
1443
In base 10, what is -5 - -1343?
1338
In base 4, what is 132122 - -1?
132123
In base 2, what is 1 - -100010111101?
100010111110
In base 16, what is 174 + 1b?
18f
In base 15, what is 5b - -46?
a2
In base 4, what is -102 - -3?
-33
In base 9, what is -23 - 27?
-51
In base 2, what is -101111 - -11?
-101100
In base 9, what is 576 + -5?
571
In base 3, what is -2112011 - 12?
-2112100
In base 3, what is -11 + 12222012?
12222001
In base 15, what is -40 - 7?
-47
In base 16, what is 3 - 12?
-f
In base 10, what is 21 - -41?
62
In base 13, what is 1b2 - -27?
209
In base 12, what is -24 + -208?
-230
In base 15, what is 3 - 85?
-82
In base 5, what is 1 + 220?
221
In base 9, what is 142 + -38?
103
In base 10, what is -127 - 6?
-133
In base 8, what is 11521 + 5?
11526
In base 12, what is -4 + -40?
-44
In base 12, what is -145 - 1?
-146
In base 5, what is 20 + 1143?
1213
In base 14, what is -5 + -d7?
-dc
In base 11, what is a6 + 8a?
185
In base 5, what is 4004 + -4?
4000
In base 9, what is 1343 + -2?
1341
In base 14, what is 14c6 + -1?
14c5
In base 8, what is -11 - 67?
-100
In base 5, what is -4 + -220?
-224
In base 4, what is 2302 - 11?
2231
In base 10, what is 4 + -106?
-102
In base 6, what is -143 - 0?
-143
In base 16, what is 71b - -d?
728
In base 15, what is 9 - -258?
262
In base 2, what is -1111010 + -111?
-10000001
In base 5, what is -221 + -10?
-231
In base 6, what is 121 + 2?
123
In base 8, what is 4 - -51?
55
In base 6, what is -1 + 20?
15
In base 15, what is -b7 + -3?
-ba
In base 3, what is 22 - -22001?
22100
In base 8, what is -25 - 4?
-31
In base 8, what is -1 - -75?
74
In base 14, what is -367 - 1?
-368
In base 9, what is -7 + 3?
-4
In base 3, what is -10 - -110?
100
In base 13, what is -6 + 193a?
1934
In base 4, what is 3031 - -20?
3111
In base 3, what is -11022112 + -22?
-11022211
In base 3, what is -12222 + -20?
-20012
In base 3, what is 11 - 1011?
-1000
In base 10, what is 116 + 3?
119
In base 15, what is -55 + -2?
-57
In base 16, what is -3 - -c?
9
In base 10, what is 5 - -23?
28
In base 14, what is -50 + 1?
-4d
In base 12, what is 445 + 31?
476
In base 3, what is -1121 - -10120?
1222
In base 12, what is -77 + 2?
-75
In base 12, what is 23 - 2b1?
-28a
In base 7, what is -113 - -20?
-63
In base 4, what is 223 - 12?
211
In base 12, what is -1064 + 5?
-105b
In base 5, what is -1013 + 4?
-1004
In base 9, what is 3 - -700?
703
In base 13, what is -2 + 2c2?
2c0
In base 11, what is -3 - -98?
95
In base 6, what is -212 + -10?
-222
In base 11, what is -145 - 3?
-148
In base 9, what is 46 + 1?
47
In base 13, what is 3 - -2?
5
In base 6, what is 5 - -101?
110
In base 16, what is -2 + -1b?
-1d
In base 16, what is -1e4 + -17?
-1fb
In base 7, what is -164 - -132?
-32
In base 10, what is -46 - 5?
-51
In base 11, what is 11 + -18?
-7
In base 9, what is -140 - -5?
-134
In base 13, what is -29 - -5?
-24
In base 8, what is -1313 + 0?
-1313
In base 4, what is -32 - -123?
31
In base 6, what is 0 - -1055?
1055
In base 7, what is -1 + -226?
-230
In base 4, what is -1 + -331003?
-331010
In base 9, what is 5837 + 0?
5837
In base 6, what is 4 + -41?
-33
In base 4, what is -21 - -1?
-20
In base 2, what is 1000 - -111000011?
111001011
In base 4, what is 21313 + 0?
21313
In base 7, what is 5342 + 5?
5350
In base 16, what is 4f + 14?
63
In base 6, what is 4 + -512?
-504
In base 14, what is -5 + -823?
-828
In base 10, what is -4552 - 4?
-4556
In base 8, what is -1160 + 4?
-1154
In base 6, what is -4 - -2020?
2012
In base 2, what is -100111 - 10?
-101001
In base 8, what is -6 - -42?
34
In base 7, what is 124 - -14?
141
In base 10, what is -4 + 240?
236
In base 3, what is -201 - 2122201?
-2200102
In base 16, what is -b + -1e?
-29
In base 10, what is -3 - -413?
410
In base 8, what is 0 + 770?
770
In base 4, what is -101 - 12033?
-12200
In base 7, what is -532 + -10?
-542
In base 16, what is 148 - -4?
14c
In base 12, what is 2 - -20?
22
In base 7, what is 2 - -101?
103
In base 5, what is -301442 - -2?
-301440
In base 10, what is -9 - 24?
-33
In base 6, what is -35 - -15?
-20
In base 3, what is -2110 + -2011?
-11121
In base 13, what is 2 - -c38?
c3a
In base 10, what is -5 + 243?
238
In base 7, what is 1 + 515?
516
In base 11, what is 339 + -25?
314
In base 16, what is 9a55 - -2?
9a57
In base 5, what is -3 - -1441?
1433
In base 14, what is -7a8 - -3?
-7a5
In base 5, what is -433 + -440?
-1423
In base 10, what is 73 + -5?
68
In base 11, what is 28 + -615?
-598
In base 12, what is 503 + -3?
500
In base 2, what is -111001011 - -100?
-111000111
In base 2, what is 11 - 11001110101?
-11001110010
In base 6, what is 11 + 314?
325
In base 11, what is -21 + -92?
-103
In base 8, what is 337 - -20?
357
In base 11, what is -228 + -10?
-238
In base 4, what is 1 - 213?
-212
In base 7, what is -1346 + 0?
-1346
In base 10, what is -60 + 21?
-39
In base 3, what is 1 - 110021?
-110020
In base 7, what is -35 + -4?
-42
In base 10, what is 2981 - 2?
2979
In base 10, what is 2 + 572?
574
In base 2, what is -1011 - 100001?
-101100
In base 7, what is 16 - -61?
110
In base 12, what is -3 + 168?
165
In base 2, what is 101 - 11?
10
In base 9, what is 4618 + 13?
4632
In base 13, what is -1 - -573?
572
In base 2, what is 111111101001 + -100?
111111100101
In base 7, what is 2535 - 4?
2531
In base 3, what is -1211 - 11?
-1222
In base 14, what is -36 - -7?
-2d
In base 9, what is 0 + -12?
-12
In base 4, what is 221 + 23?
310
In base 11, what is 56 - -5?
60
In base 14, what is 2d + -16?
17
In base 8, what is 0 + 73?
73
In base 2, what is 11110111 - 100?
11110011
In base 9, what is -5 + -137?
-143
In base 9, what is -5 - 74?
-80
In base 14, what is -1b - -32?
15
In base 15, what is 2d6 - 0?
2d6
In base 2, what is 10 + -11001?
-10111
In base 7, what is 2632 - -1?
2633
In base 9, what is 1 + 4448?
4450
In base 3, what is -102010 - -202?
-101101
In base 3, what is 0 - -1100121?
1100121
In base 5, what is 3 - -41104?
41112
In base 11, what is -4 - -11?
8
In base 11, what is -3 + a2?
9a
In base 13, what is 5 + -67?
-62
In base 12, what is -6 - 583?
-589
In base 4, what is 220 + -1221?
-1001
In base 6, what is 41 + 5?
50
In base 4, what is 12112 - -10?
12122
In base 2, what is -10001 + -1100?
-11101
In base 7, what is -1521 + 5?
-1513
In base 11, what is -17 + -1?
-18
In base 2, what is 1010001101 + -10?
1010001011
In base 5, what is -222 + -1?
-223
In base 11, what is 40a5 + 0?
40a5
In base 16, what is 30 - -1?
31
In base 3, what is -122202220 - -11?
-122202202
In base 3, what 